{"id":1137,"date":"2020-10-01T10:14:35","date_gmt":"2020-10-01T08:14:35","guid":{"rendered":"https:\/\/www.alberts-service.se\/foretag\/?post_type=cities&#038;p=1137"},"modified":"2023-05-16T12:49:31","modified_gmt":"2023-05-16T10:49:31","slug":"industristadning","status":"publish","type":"page","link":"https:\/\/www.bettysstad.se\/foretag\/tjanster\/industristadning\/","title":{"rendered":"Industrist\u00e4dning"},"content":{"rendered":"","protected":false},"excerpt":{"rendered":"","protected":false},"author":2,"featured_media":2111,"parent":13,"menu_order":1,"comment_status":"closed","ping_status":"closed","template":"","meta":{"_acf_changed":false,"inline_featured_image":false,"footnotes":""},"class_list":["post-1137","page","type-page","status-publish","has-post-thumbnail","hentry"],"acf":[],"yoast_head":"<!-- This site is optimized with the Yoast SEO Premium plugin v27.0 (Yoast SEO v27.0) - https:\/\/yoast.com\/product\/yoast-seo-premium-wordpress\/ -->\n<title>Kvalitetss\u00e4krad Industrist\u00e4dning | Bettys St\u00e4d<\/title>\n<meta name=\"robots\" content=\"index, follow, max-snippet:-1, max-image-preview:large, max-video-preview:-1\" \/>\n<link rel=\"canonical\" href=\"https:\/\/www.bettysstad.se\/foretag\/tjanster\/industristadning\/\" \/>\n<meta property=\"og:locale\" content=\"sv_SE\" \/>\n<meta property=\"og:type\" content=\"article\" \/>\n<meta property=\"og:title\" content=\"Industrist\u00e4dning\" \/>\n<meta property=\"og:url\" content=\"https:\/\/www.bettysstad.se\/foretag\/tjanster\/industristadning\/\" \/>\n<meta property=\"og:site_name\" content=\"Bettys St\u00e4d AB - F\u00f6retag\" \/>\n<meta property=\"article:modified_time\" content=\"2023-05-16T10:49:31+00:00\" \/>\n<meta property=\"og:image\" content=\"https:\/\/www.bettysstad.se\/foretag\/wp-content\/uploads\/sites\/2\/2023\/05\/industristadning-hero.jpg\" \/>\n\t<meta property=\"og:image:width\" content=\"1000\" \/>\n\t<meta property=\"og:image:height\" content=\"877\" \/>\n\t<meta property=\"og:image:type\" content=\"image\/jpeg\" \/>\n<meta name=\"twitter:card\" content=\"summary_large_image\" \/>\n<script type=\"application\/ld+json\" class=\"yoast-schema-graph\">{\"@context\":\"https:\/\/schema.org\",\"@graph\":[{\"@type\":\"WebPage\",\"@id\":\"https:\/\/www.bettysstad.se\/foretag\/tjanster\/industristadning\/\",\"url\":\"https:\/\/www.bettysstad.se\/foretag\/tjanster\/industristadning\/\",\"name\":\"Kvalitetss\u00e4krad Industrist\u00e4dning | Bettys St\u00e4d\",\"isPartOf\":{\"@id\":\"https:\/\/www.bettysstad.se\/foretag\/#website\"},\"primaryImageOfPage\":{\"@id\":\"https:\/\/www.bettysstad.se\/foretag\/tjanster\/industristadning\/#primaryimage\"},\"image\":{\"@id\":\"https:\/\/www.bettysstad.se\/foretag\/tjanster\/industristadning\/#primaryimage\"},\"thumbnailUrl\":\"https:\/\/www.bettysstad.se\/foretag\/wp-content\/uploads\/sites\/2\/2023\/05\/industristadning-hero.jpg\",\"datePublished\":\"2020-10-01T08:14:35+00:00\",\"dateModified\":\"2023-05-16T10:49:31+00:00\",\"breadcrumb\":{\"@id\":\"https:\/\/www.bettysstad.se\/foretag\/tjanster\/industristadning\/#breadcrumb\"},\"inLanguage\":\"sv-SE\",\"potentialAction\":[{\"@type\":\"ReadAction\",\"target\":[\"https:\/\/www.bettysstad.se\/foretag\/tjanster\/industristadning\/\"]}]},{\"@type\":\"ImageObject\",\"inLanguage\":\"sv-SE\",\"@id\":\"https:\/\/www.bettysstad.se\/foretag\/tjanster\/industristadning\/#primaryimage\",\"url\":\"https:\/\/www.bettysstad.se\/foretag\/wp-content\/uploads\/sites\/2\/2023\/05\/industristadning-hero.jpg\",\"contentUrl\":\"https:\/\/www.bettysstad.se\/foretag\/wp-content\/uploads\/sites\/2\/2023\/05\/industristadning-hero.jpg\",\"width\":1000,\"height\":877,\"caption\":\"industristadning-hero\"},{\"@type\":\"BreadcrumbList\",\"@id\":\"https:\/\/www.bettysstad.se\/foretag\/tjanster\/industristadning\/#breadcrumb\",\"itemListElement\":[{\"@type\":\"ListItem\",\"position\":1,\"name\":\"Hem\",\"item\":\"https:\/\/www.bettysstad.se\/foretag\/\"},{\"@type\":\"ListItem\",\"position\":2,\"name\":\"Tj\u00e4nster\",\"item\":\"https:\/\/www.bettysstad.se\/foretag\/tjanster\/\"},{\"@type\":\"ListItem\",\"position\":3,\"name\":\"Industrist\u00e4dning\"}]},{\"@type\":\"WebSite\",\"@id\":\"https:\/\/www.bettysstad.se\/foretag\/#website\",\"url\":\"https:\/\/www.bettysstad.se\/foretag\/\",\"name\":\"Bettys St\u00e4d AB - F\u00f6retag\",\"description\":\"\",\"potentialAction\":[{\"@type\":\"SearchAction\",\"target\":{\"@type\":\"EntryPoint\",\"urlTemplate\":\"https:\/\/www.bettysstad.se\/foretag\/?s={search_term_string}\"},\"query-input\":{\"@type\":\"PropertyValueSpecification\",\"valueRequired\":true,\"valueName\":\"search_term_string\"}}],\"inLanguage\":\"sv-SE\"}]}<\/script>\n<!-- \/ Yoast SEO Premium plugin. -->","yoast_head_json":{"title":"Kvalitetss\u00e4krad Industrist\u00e4dning | Bettys St\u00e4d","robots":{"index":"index","follow":"follow","max-snippet":"max-snippet:-1","max-image-preview":"max-image-preview:large","max-video-preview":"max-video-preview:-1"},"canonical":"https:\/\/www.bettysstad.se\/foretag\/tjanster\/industristadning\/","og_locale":"sv_SE","og_type":"article","og_title":"Industrist\u00e4dning","og_url":"https:\/\/www.bettysstad.se\/foretag\/tjanster\/industristadning\/","og_site_name":"Bettys St\u00e4d AB - F\u00f6retag","article_modified_time":"2023-05-16T10:49:31+00:00","og_image":[{"width":1000,"height":877,"url":"https:\/\/www.bettysstad.se\/foretag\/wp-content\/uploads\/sites\/2\/2023\/05\/industristadning-hero.jpg","type":"image\/jpeg"}],"twitter_card":"summary_large_image","schema":{"@context":"https:\/\/schema.org","@graph":[{"@type":"WebPage","@id":"https:\/\/www.bettysstad.se\/foretag\/tjanster\/industristadning\/","url":"https:\/\/www.bettysstad.se\/foretag\/tjanster\/industristadning\/","name":"Kvalitetss\u00e4krad Industrist\u00e4dning | Bettys St\u00e4d","isPartOf":{"@id":"https:\/\/www.bettysstad.se\/foretag\/#website"},"primaryImageOfPage":{"@id":"https:\/\/www.bettysstad.se\/foretag\/tjanster\/industristadning\/#primaryimage"},"image":{"@id":"https:\/\/www.bettysstad.se\/foretag\/tjanster\/industristadning\/#primaryimage"},"thumbnailUrl":"https:\/\/www.bettysstad.se\/foretag\/wp-content\/uploads\/sites\/2\/2023\/05\/industristadning-hero.jpg","datePublished":"2020-10-01T08:14:35+00:00","dateModified":"2023-05-16T10:49:31+00:00","breadcrumb":{"@id":"https:\/\/www.bettysstad.se\/foretag\/tjanster\/industristadning\/#breadcrumb"},"inLanguage":"sv-SE","potentialAction":[{"@type":"ReadAction","target":["https:\/\/www.bettysstad.se\/foretag\/tjanster\/industristadning\/"]}]},{"@type":"ImageObject","inLanguage":"sv-SE","@id":"https:\/\/www.bettysstad.se\/foretag\/tjanster\/industristadning\/#primaryimage","url":"https:\/\/www.bettysstad.se\/foretag\/wp-content\/uploads\/sites\/2\/2023\/05\/industristadning-hero.jpg","contentUrl":"https:\/\/www.bettysstad.se\/foretag\/wp-content\/uploads\/sites\/2\/2023\/05\/industristadning-hero.jpg","width":1000,"height":877,"caption":"industristadning-hero"},{"@type":"BreadcrumbList","@id":"https:\/\/www.bettysstad.se\/foretag\/tjanster\/industristadning\/#breadcrumb","itemListElement":[{"@type":"ListItem","position":1,"name":"Hem","item":"https:\/\/www.bettysstad.se\/foretag\/"},{"@type":"ListItem","position":2,"name":"Tj\u00e4nster","item":"https:\/\/www.bettysstad.se\/foretag\/tjanster\/"},{"@type":"ListItem","position":3,"name":"Industrist\u00e4dning"}]},{"@type":"WebSite","@id":"https:\/\/www.bettysstad.se\/foretag\/#website","url":"https:\/\/www.bettysstad.se\/foretag\/","name":"Bettys St\u00e4d AB - F\u00f6retag","description":"","potentialAction":[{"@type":"SearchAction","target":{"@type":"EntryPoint","urlTemplate":"https:\/\/www.bettysstad.se\/foretag\/?s={search_term_string}"},"query-input":{"@type":"PropertyValueSpecification","valueRequired":true,"valueName":"search_term_string"}}],"inLanguage":"sv-SE"}]}},"_links":{"self":[{"href":"https:\/\/www.bettysstad.se\/foretag\/wp-json\/wp\/v2\/pages\/1137","targetHints":{"allow":["GET"]}}],"collection":[{"href":"https:\/\/www.bettysstad.se\/foretag\/wp-json\/wp\/v2\/pages"}],"about":[{"href":"https:\/\/www.bettysstad.se\/foretag\/wp-json\/wp\/v2\/types\/page"}],"author":[{"embeddable":true,"href":"https:\/\/www.bettysstad.se\/foretag\/wp-json\/wp\/v2\/users\/2"}],"replies":[{"embeddable":true,"href":"https:\/\/www.bettysstad.se\/foretag\/wp-json\/wp\/v2\/comments?post=1137"}],"version-history":[{"count":9,"href":"https:\/\/www.bettysstad.se\/foretag\/wp-json\/wp\/v2\/pages\/1137\/revisions"}],"predecessor-version":[{"id":2113,"href":"https:\/\/www.bettysstad.se\/foretag\/wp-json\/wp\/v2\/pages\/1137\/revisions\/2113"}],"up":[{"embeddable":true,"href":"https:\/\/www.bettysstad.se\/foretag\/wp-json\/wp\/v2\/pages\/13"}],"wp:featuredmedia":[{"embeddable":true,"href":"https:\/\/www.bettysstad.se\/foretag\/wp-json\/wp\/v2\/media\/2111"}],"wp:attachment":[{"href":"https:\/\/www.bettysstad.se\/foretag\/wp-json\/wp\/v2\/media?parent=1137"}],"curies":[{"name":"wp","href":"https:\/\/api.w.org\/{rel}","templated":true}]}}